sor of o and x?
29
Let z = 4594 - 4274. What is the highest common factor of z and 5?
5
Let y = 7493 + -7421. What is the greatest common divisor of 72 and y?
72
Suppose 207*v - 24 = 205*v. Let r be 129/v + (-4)/(-16). What is the highest common divisor of 4 and r?
1
Let d = -44 + 95. Suppose 0 = -82*o + 644 + 750. Calculate the greatest common divisor of d and o.
17
Let g(h) = -h**2 - 12*h + 136. Let n be g(7). Suppose -n*t + 2*t = -5*m + 921, 2*t - 193 = -m. Calculate the highest common factor of m and 5.
5
Suppose 0 = -24*g + 1412 - 1364. Calculate the highest common factor of g and 1678.
2
Let i(b) = -2*b**2 - 14*b + 4. Let x be i(-7). Suppose -x*q + 83 = -q + y, -q = -y - 25. Let d = -18 + 27. What is the greatest common factor of d and q?
9
Let k(h) = 80*h - 262. Let b be k(11). Suppose 42 = 6*l - b. Calculate the greatest common factor of 30 and l.
10
Let z = 396 + 301. Let a(b) = -b**3 + b**2 + 21*b + 47. Let h be a(-2). Calculate the greatest common divisor of h and z.
17
Let t(d) = 2*d**3 - 9*d**2 + 37*d - 95. Let q be t(8). Calculate the highest common divisor of 11 and q.
11
Suppose -16*s - 6*s - 270 = -28*s. Calculate the greatest common factor of s and 3585.
15
Suppose 0*y - y = -5*v - 179, 144 = y + 2*v. What is the greatest common factor of 110 and y?
22
Let p = -22688 + 23283. Calculate the highest common divisor of 935 and p.
85
Let r(i) be the second derivative of 14*i**4/3 + i**3/2 + 17*i. Let x be r(1). What is the highest common divisor of 59 and x?
59
Let q = -397 - -397. Suppose q = -y + j + 293, -8*y + 11*y = j + 885. What is the greatest common factor of 24 and y?
8
Let s = -38 + 40. Suppose -l - 4*d = 3*l - 612, 0 = l - s*d - 144. Calculate the greatest common factor of 30 and l.
30
Suppose 41*v + 7194 = 30*v. Let n = v - -699. Calculate the highest common divisor of 25 and n.
5
Let k be 2/31 - 4710/(-31). What is the highest common divisor of k and 874?
38
Let j be 2*8 + (-1 - -4). Let v(p) = 124*p + 1799. Let b be v(-7). What is the highest common divisor of j and b?
19
Let c be 9 + -19 - -10 - -180. Calculate the highest common factor of c and 276.
12
Suppose -12*c + 15*c - 9 = 0. Let s be (18/8)/(1 + 13/(-16)). Calculate the highest common divisor of c and s.
3
Suppose -20 = 70*x - 71*x - 2*j, 56 = 5*x - j. What is the greatest common factor of 116 and x?
4
Let n be 7 - (-180 + 4 - -3). Suppose -3*k - 50 = -2*z + k, -z + 23 = -4*k. What is the highest common divisor of z and n?
9
Suppose 44 = 8*k - 116. Let r(d) = d**2 + 2*d + 1. Let v be r(-2). Let h be 223 - (-2)/(-1) - v. Calculate the greatest common factor of h and k.
20
Suppose -46*s + 3767040 = 172*s. Calculate the highest common divisor of s and 405.
135
Let j = -95 - -104. Let y(s) = s**2 - 9*s + 28. Let t be y(j). Calculate the highest common divisor of 28 and t.
28
Let m = -6934 + 6946. Suppose 5*l = -3*x + 110, -3*l = 4*x - 6*l - 108. Calculate the highest common factor of x and m.
6
Let u = -55 + 115. Suppose 90 = 4*r + 2*w, -3*w = -4*r + w + u. Calculate the highest common divisor of 28 and r.
4
Let r(v) = v**2 + 20*v + 103. Let s be r(-9). Suppose 0*o + 3*c - 120 = -3*o, -4*o + s*c + 192 = 0. Calculate the highest common factor of o and 319.
11
Let j be 3/(-1) + (-1)/(-9*(-8)/(-5184)). Let q(r) = 20*r**2 + 4. Let g be q(3). Calculate the highest common divisor of g and j.
23
Let m = 20 - 35. Let q be ((-2968)/42)/(-2 + (-8)/(-3)). Let c = m - q. What is the greatest common factor of c and 13?
13
Let v be (-194 - -193)*(-370 + (2 - 0)). Calculate the highest common factor of v and 1242.
46
Suppose 5*o = -0*y - 3*y + 258, 278 = 5*o - 2*y. Let g = 135 + -117. What is the highest common factor of o and g?
18
Let s(o) = 112*o**2 + 28*o - 3. Let n = -341 + 344. Let g be s(n). What is the greatest common divisor of g and 99?
99
Let d = 27200 - 26997. Calculate the greatest common factor of d and 20909.
203
Let x be (2 + -10772 + 3)*-1. Calculate the highest common factor of x and 111.
111
Suppose -29*s + 13*s + 18096 = 0. Calculate the highest common factor of 65 and s.
13
Suppose 10420*o - 10414*o - 1104 = 0. Let f(c) = c + 6. Let t be f(-5). Let l = t - -22. What is the greatest common factor of o and l?
23
Let l(m) = m**3 - 6*m**2 + m. Let q be l(6). Suppose -5*o = -q*o + 132. Suppose 11*n - 5*n = o. What is the greatest common factor of n and 242?
22
Let i(c) = 2*c - 2. Let x be i(2). Let b be (0 + -1)/(x*(-7)/98). What is the highest common divisor of b and 119?
7
Suppose 0 = -16*l + 10*l + 66. Suppose 34*y + 572 = 38*y. Calculate the highest common divisor of l and y.
11
Suppose 4*b + 0*b + 295 = 3*k, 2*b + 515 = 5*k. Let x be ((-6)/(-4) - 1) + (-1360)/32. Let t = 63 + x. Calculate the greatest common factor of k and t.
21
Let h = 34 - 39. Let m be (h + 6)*(4 + 94 + -3). Calculate the highest common factor of 38 and m.
19
Let h = 21587 - 21267. Calculate the highest common factor of h and 192.
64
Suppose 19*o = 14*o + 5*s + 12415, -o = s - 2473. Calculate the greatest common divisor of o and 6.
6
Let f(k) = -k**2 - k - 1. Let d(p) = p**3 + 4*p**2 - 34*p + 3. Let u(r) = -d(r) - 3*f(r). Let c be u(-7). Calculate the greatest common divisor of 560 and c.
35
Suppose 6 = 108*u - 105*u. Let o be 456/16 + (-5)/u. What is the greatest common divisor of 4 and o?
2
Suppose -3*l - 89 = -5*g - 602, -3*g + 342 = 2*l. Suppose 4*u - 1 = s, 3*s + 3*u + 25 - 97 = 0. What is the highest common factor of l and s?
19
Let x = -99 - -391. Let b = x + -216. Calculate the highest common factor of b and 684.
76
Let o be (-42)/(-18) + -3 - (-2)/3. Let j be ((-64)/(-6) - o)*3. Suppose -46*r - j = -47*r. Calculate the highest common factor of r and 352.
32
Suppose -3*f + 666 = 5*s, 3*s + 4*f - 192 = 201. Let r = s - 93. What is the highest common divisor of 98 and r?
14
Suppose 143*u - 14632 = 84*u. What is the greatest common divisor of u and 48?
8
Suppose -29 = 50*i - 1138 - 41. Calculate the highest common divisor of 368 and i.
23
Suppose k - 2535 - 3437 = -3*n, -3988 = -2*n + k. Suppose 15*d + n = 6642. Calculate the greatest common divisor of d and 62.
62
Suppose 282*f - 151*f = 148423. What is the highest common divisor of 33 and f?
11
Suppose 141 = -11*i - 35. Let m be (13/(-4) - i/64)*-1. Calculate the greatest common factor of 3 and m.
3
Suppose -6 = -2*x + 10. Suppose 24*s + 0*s + 736 = 4384. What is the greatest common factor of x and s?
8
Suppose -o - 192 = -3*c, c + 3*c = -4. Let k = o - -404. What is the greatest common divisor of k and 19?
19
Let x be 7/((-84)/20) + 938/21 + -7. Suppose -w = -3*w - 4. Let m be 9/(w + 1 + 2). What is the highest common factor of m and x?
9
Let w = -30 - -44. Let j be 4 + (-9)/27 + 5/(-3). Suppose 5*h + n - 72 = 0, 4*n - 4 - 32 = -j*h. What is the highest common factor of h and w?
14
Suppose p - 224 = -3*p. Let t(a) = a**3 + 11*a**2 + 2*a - 95. Let m be t(-9). Calculate the highest common divisor of p and m.
7
Let x(m) = m**3 - 15*m**2 + m + 36. Let l be x(15). Suppose 6*f - l = 3*f. Let j = f - -1. Calculate the greatest common factor of j and 9.
9
Let o = 45 - 120. Let z = -37 - o. Suppose 275*u - 3718 + 3518 = 15475. What is the highest common divisor of u and z?
19
Suppose -61*s + 96 = -26. Let f be (-100)/(-3) - ((-16)/s)/(-24). Calculate the highest common factor of 154 and f.
11
Let g(t) = t**2 + 31*t + 47. Let i(q) = -34*q**2 - 4*q + 3. Let n be i(1). Let u be g(n). Calculate the greatest common divisor of u and 17.
17
Let l be 9/7*(-294)/(-63). Let p be (3 + 0/(4 + -1))*l. Let a = -22 + 112. What is the greatest common divisor of p and a?
18
Suppose 4 = 4*x - 0, 0 = 3*c - 4*x - 11. Suppose -c*w + 218 = -87. Let l = w + 54. What is the greatest common divisor of l and 46?
23
Let k = 6 - 1. Let r(v) = 2*v + 7. Let t be r(k). Let c(j) = -2*j**2 + 16*j + 735. Let i be c(-14). What is the highest common divisor of i and t?
17
Suppose -28*l = 2*u - 33*l + 1427, -2172 = 3*u + 3*l. Let m = -670 - u. What is the greatest common divisor of 255 and m?
51
Suppose -73 = -5*k - 113. Let i be 12/5*(2212/21 - k). Calculate the highest common factor of 17 and i.
17
Suppose 13 - 107 = 2*z. Let v be (8 - 19)*4/(-22). Let y be (v - z) + -2 + 4/(-2). Calculate the highest common divisor of y and 405.
45
Let f be ((-20)/40 + 1)*192. What 